{"id":10700,"date":"2024-07-05T11:53:03","date_gmt":"2024-07-05T09:53:03","guid":{"rendered":"https:\/\/lisabouvetier.fr\/?page_id=10700"},"modified":"2025-11-05T16:22:00","modified_gmt":"2025-11-05T15:22:00","slug":"lagence","status":"publish","type":"page","link":"https:\/\/lisabouvetier.fr\/index.php\/lagence\/","title":{"rendered":"Architecte \u00e0 Villeneuve-l\u00e8s-Maguelone sp\u00e9cialis\u00e9e en r\u00e9novation de logements et construction de maisons neuves dans une d\u00e9marche \u00e9cologique I 34337"},"content":{"rendered":"<p>[vc_section css=\u00a0\u00bb.vc_custom_1724422887478{margin-top: 150px !important;}\u00a0\u00bb el_id=\u00a0\u00bbmarge-mobile\u00a0\u00bb][vc_row el_id=\u00a0\u00bbref-bg\u00a0\u00bb][vc_column][vc_column_text]<\/p>\n<div class=\"h6-ref\">L&rsquo;agence<\/div>\n<div class=\"sous-titre-ref\">Sp\u00e9cialis\u00e9e en r\u00e9novation du b\u00e2ti ancien<\/div>\n<p>[\/vc_column_text][\/vc_column][\/vc_row][vc_row css=\u00a0\u00bb.vc_custom_1732273415700{margin-left: 0px !important;}\u00a0\u00bb][vc_column width=\u00a0\u00bb1\/2&Prime; css=\u00a0\u00bb.vc_custom_1732273375754{margin-left: 25px !important;}\u00a0\u00bb][vc_column_text css=\u00a0\u00bb.vc_custom_1732186930864{margin-top: -20px !important;margin-bottom: 20px !important;}\u00a0\u00bb el_id=\u00a0\u00bbtitre-cv\u00a0\u00bb]<strong>EN BREF..<\/strong>[\/vc_column_text][vc_row_inner css=\u00a0\u00bb.vc_custom_1720165235793{margin-top: 50px !important;}\u00a0\u00bb][vc_column_inner][vc_column_text el_id=\u00a0\u00bbtext-presentation\u00a0\u00bb css=\u00a0\u00bb.vc_custom_1762356110568{margin-top: 20px !important;margin-bottom: 20px !important;}\u00a0\u00bb]J\u2019ai suivi des \u00e9tudes d\u2019architecture \u00e0 <strong>l\u2019ENSAM<\/strong> Montpellier dont une ann\u00e9e \u00e0 la <strong>Facolt\u00e0 di Architettura di Firenze<\/strong> (Italie) en 2007.<\/p>\n<p>Dipl\u00f4m\u00e9e d\u2019Etat en 2009 (projet de fin d\u2019\u00e9tude sous la direction de <strong>Gilles Perraudin<\/strong>) puis dipl\u00f4m\u00e9e H.M.O.N.P. \u00e0 <strong>l\u2019ENSAL<\/strong> Lyon en 2016 ; et forte de plusieurs exp\u00e9riences professionnelles dans diff\u00e9rentes agences d\u2019Architecture \u00e0 <strong>Lyon<\/strong>, <strong>Aix-en-Provence<\/strong> et <strong>Montpellier<\/strong>, j\u2019ai d\u00e9cid\u00e9 en 2018 de cr\u00e9er ma propre agence, d&rsquo;abord dans les <strong>Hautes-Alpes<\/strong> et depuis 2021 dans <strong>l&rsquo;H\u00e9rault<\/strong>.<\/p>\n<p>Aujourd&rsquo;hui, j&rsquo;accompagne et conseille les particuliers et professionnels dans une <strong>d\u00e9marche \u00e9co-responsable<\/strong> pour des projets en neuf ou en r\u00e9novation.<\/p>\n<p>Aussi depuis 2025, je peux r\u00e9aliser l&rsquo;<strong>audit \u00e9nerg\u00e9tique<\/strong> r\u00e9glementaire ou incitatif de votre <strong>logement<\/strong>, maison ou appartement.<br \/>\nDans le cadre d\u2019un projet de travaux sur l\u2019existant, l\u2019<strong>audit \u00e9nerg\u00e9tique<\/strong> vous permet d\u2019avoir un <strong>\u00e9tat des lieux<\/strong> pr\u00e9cis de votre logement au regard de ses performances \u00e9nerg\u00e9tiques ainsi que des propositions d\u2019actions pour am\u00e9liorer votre <strong>confort<\/strong>, diminuer vos <strong>consommations d\u2019\u00e9nergie<\/strong> et pr\u00e9server <strong>l\u2019environnement<\/strong>.<\/p>\n<p>De plus, je suis form\u00e9e <strong>Pro-Paille<\/strong> depuis 2019, ce qui me permet de suivre un <strong>projet en isolation paille<\/strong> de sa conception \u00e0 sa r\u00e9alisation.<\/p>\n<p>L&rsquo;agence, situ\u00e9e entre <strong>S\u00e8te<\/strong> et <strong>Montpellier<\/strong>, est tourn\u00e9e vers une architecture simple et de qualit\u00e9, \u00e0 l&rsquo;\u00e9coute de ses habitants et respectueuse de son environnement. J&rsquo;interviens principalement dans les d\u00e9partements de <strong>l&rsquo;H\u00e9rault<\/strong>, du <strong>Gard<\/strong> et de la <strong>Dr\u00f4me<\/strong>.[\/vc_column_text][\/vc_column_inner][\/vc_row_inner][vc_column_text el_id=\u00a0\u00bbtitre-cv\u00a0\u00bb]<strong>FORMATIONS<\/strong>[\/vc_column_text][vc_row_inner css=\u00a0\u00bb.vc_custom_1720165235793{margin-top: 50px !important;}\u00a0\u00bb][vc_column_inner width=\u00a0\u00bb1\/2&Prime;][vc_column_text]<strong>DynaMOE 1 r\u00e9novation \u00e9nerg\u00e9tique maisons individuelles<\/strong><br \/>\nIlot Formation | Montpellier| 2025<\/p>\n<p><strong>Techniques \u00e0 la chaux<br \/>\n<\/strong>Luc N\u00e8ples | Montpellier | 2024<\/p>\n<p><strong>Diriger un chantier<br \/>\n<\/strong>Ilot Formation | Montpellier | 2023<\/p>\n<p><strong>Formation Pro-Paille<\/strong><br \/>\nOikos | Lyon | 2019[\/vc_column_text][\/vc_column_inner][vc_column_inner width=\u00a0\u00bb1\/2&Prime;][vc_column_text]<strong>Dipl\u00f4me HMONP<br \/>\n<\/strong>ENSAL | Lyon | 2016<\/p>\n<p><strong>Dipl\u00f4me d\u2019Architecte d\u2019\u00c9tat<\/strong><br \/>\nENSAM | Montpellier| 2008<\/p>\n<p><strong>Bourse Leonardo<\/strong><br \/>\nFacult\u00e9 d\u2019Architecture de Florence| Italie| 2007<\/p>\n<p><strong>Baccalaur\u00e9at S. Option Arts Plastiques<\/strong><br \/>\nLyc\u00e9e A. Borne| Mont\u00e9limar| 2002[\/vc_column_text][\/vc_column_inner][vc_column_inner css=\u00a0\u00bb.vc_custom_1732274294595{margin-bottom: 20px !important;}\u00a0\u00bb][vc_column_text]<\/p>\n<p>&nbsp;<\/p>\n<p>[\/vc_column_text][\/vc_column_inner][\/vc_row_inner]<div class=\"edgtf-clients-carousel-holder  edgtf-cc-hover-roll-over\">\n\t<div class=\"edgtf-cc-inner edgtf-owl-slider\" data-number-of-items=\"4\" data-enable-loop=\"yes\" data-enable-autoplay=\"yes\" data-slider-speed=\"5000\" data-slider-speed-animation=\"600\" data-enable-navigation=\"no\" data-enable-pagination=\"no\">\n\t\t<div class=\"edgtf-cc-item \">\n\t\t\t\t\t\t<img decoding=\"async\" itemprop=\"image\" class=\"edgtf-cc-image\" src=\"https:\/\/lisabouvetier.fr\/wp-content\/uploads\/2025\/11\/02a-MAF-2.svg\" alt=\"\" \/>\n\t\t\t\t\t\t\t<img decoding=\"async\" itemprop=\"image\" class=\"edgtf-cc-hover-image\" src=\"https:\/\/lisabouvetier.fr\/wp-content\/uploads\/2025\/11\/02a-MAF-2.svg\" alt=\"\" \/>\n\t\t\t<\/div><div class=\"edgtf-cc-item \">\n\t\t\t\t\t\t<img decoding=\"async\" itemprop=\"image\" class=\"edgtf-cc-image\" src=\"https:\/\/lisabouvetier.fr\/wp-content\/uploads\/2025\/11\/05a-OA.svg\" alt=\"\" \/>\n\t\t\t\t\t\t\t<img decoding=\"async\" itemprop=\"image\" class=\"edgtf-cc-hover-image\" src=\"https:\/\/lisabouvetier.fr\/wp-content\/uploads\/2025\/11\/05a-OA.svg\" alt=\"\" \/>\n\t\t\t<\/div><div class=\"edgtf-cc-item \">\n\t\t\t\t\t\t<img decoding=\"async\" itemprop=\"image\" class=\"edgtf-cc-image\" src=\"https:\/\/lisabouvetier.fr\/wp-content\/uploads\/2025\/11\/07a-PRO-PAILLE-c.svg\" alt=\"\" \/>\n\t\t\t\t\t\t\t<img decoding=\"async\" itemprop=\"image\" class=\"edgtf-cc-hover-image\" src=\"https:\/\/lisabouvetier.fr\/wp-content\/uploads\/2025\/11\/07a-PRO-PAILLE-c.svg\" alt=\"\" \/>\n\t\t\t<\/div><div class=\"edgtf-cc-item \">\n\t\t\t\t\t\t<img decoding=\"async\" itemprop=\"image\" class=\"edgtf-cc-image\" src=\"https:\/\/lisabouvetier.fr\/wp-content\/uploads\/2025\/11\/03a-FAIRE.svg\" alt=\"\" \/>\n\t\t\t\t\t\t\t<img decoding=\"async\" itemprop=\"image\" class=\"edgtf-cc-hover-image\" src=\"https:\/\/lisabouvetier.fr\/wp-content\/uploads\/2025\/11\/03a-FAIRE.svg\" alt=\"\" \/>\n\t\t\t<\/div><div class=\"edgtf-cc-item \">\n\t\t\t\t\t\t<img decoding=\"async\" itemprop=\"image\" class=\"edgtf-cc-image\" src=\"https:\/\/lisabouvetier.fr\/wp-content\/uploads\/2025\/11\/01a-FRANCE-RENOV.svg\" alt=\"\" \/>\n\t\t\t\t\t\t\t<img decoding=\"async\" itemprop=\"image\" class=\"edgtf-cc-hover-image\" src=\"https:\/\/lisabouvetier.fr\/wp-content\/uploads\/2025\/11\/01a-FRANCE-RENOV.svg\" alt=\"\" \/>\n\t\t\t<\/div><div class=\"edgtf-cc-item \">\n\t\t\t\t\t\t<img decoding=\"async\" itemprop=\"image\" class=\"edgtf-cc-image\" src=\"https:\/\/lisabouvetier.fr\/wp-content\/uploads\/2024\/09\/7.svg\" alt=\"\" \/>\n\t\t\t\t\t\t\t<img decoding=\"async\" itemprop=\"image\" class=\"edgtf-cc-hover-image\" src=\"https:\/\/lisabouvetier.fr\/wp-content\/uploads\/2024\/09\/7.svg\" alt=\"\" \/>\n\t\t\t<\/div><div class=\"edgtf-cc-item \">\n\t\t\t\t\t\t<img decoding=\"async\" itemprop=\"image\" class=\"edgtf-cc-image\" src=\"https:\/\/lisabouvetier.fr\/wp-content\/uploads\/2024\/09\/3.svg\" alt=\"\" \/>\n\t\t\t\t\t\t\t<img decoding=\"async\" itemprop=\"image\" class=\"edgtf-cc-hover-image\" src=\"https:\/\/lisabouvetier.fr\/wp-content\/uploads\/2024\/09\/3.svg\" alt=\"\" \/>\n\t\t\t<\/div>\t<\/div>\n<\/div>[vc_row_inner css=\u00a0\u00bb.vc_custom_1732184342047{margin-top: 20px !important;}\u00a0\u00bb][vc_column_inner][vc_column_text el_id=\u00a0\u00bbtitre-cv\u00a0\u00bb]<strong>COMP\u00c9TENCES<\/strong>[\/vc_column_text][vc_column_text el_id=\u00a0\u00bbtext-presentation\u00a0\u00bb]<strong>Rendus de concours, images 3D et vid\u00e9os<\/strong><\/p>\n<p><strong>\u00c9laboration de dossiers d&rsquo;autorisation d&rsquo;urbanisme : <\/strong>AT, DP, PC<\/p>\n<p><strong>Acquisition des r\u00e9glementations li\u00e9es aux ERP :<\/strong> SI, ACC, RE2020<\/p>\n<p><strong>D\u00e9veloppement des diff\u00e9rentes phases du projet : <\/strong>ESQ, APS, APD, PRO, ACT, suivi de chantier, PV, direction des r\u00e9unions hebdomadaires, choix des mat\u00e9riaux, d\u00e9tails d\u2019exe, OPR, AOR, lev\u00e9e des r\u00e9serves, r\u00e9ception et livraison de chantier[\/vc_column_text][\/vc_column_inner][\/vc_row_inner][vc_row_inner][vc_column_inner][\/vc_column_inner][\/vc_row_inner][\/vc_column][vc_column width=\u00a0\u00bb1\/2&Prime; css=\u00a0\u00bb.vc_custom_1732282329473{margin-top: 25px !important;}\u00a0\u00bb][vc_single_image image=\u00a0\u00bb11923&Prime; img_size=\u00a0\u00bbfull\u00a0\u00bb][\/vc_column][\/vc_row][\/vc_section]<\/p>\n","protected":false},"excerpt":{"rendered":"<p>[vc_section css=\u00a0\u00bb.vc_custom_1724422887478{margin-top: 150px !important;}\u00a0\u00bb el_id=\u00a0\u00bbmarge-mobile\u00a0\u00bb][vc_row el_id=\u00a0\u00bbref-bg\u00a0\u00bb][vc_column][vc_column_text] L&rsquo;agence Sp\u00e9cialis\u00e9e en r\u00e9novation du b\u00e2ti ancien [\/vc_column_text][\/vc_column][\/vc_row][vc_row css=\u00a0\u00bb.vc_custom_1732273415700{margin-left: 0px !important;}\u00a0\u00bb][vc_column width=\u00a0\u00bb1\/2&Prime; css=\u00a0\u00bb.vc_custom_1732273375754{margin-left: 25px !important;}\u00a0\u00bb][vc_column_text css=\u00a0\u00bb.vc_custom_1732186930864{margin-top: -20px !important;margin-bottom: 20px !important;}\u00a0\u00bb el_id=\u00a0\u00bbtitre-cv\u00a0\u00bb]EN BREF..[\/vc_column_text][vc_row_inner css=\u00a0\u00bb.vc_custom_1720165235793{margin-top: 50px !important;}\u00a0\u00bb][vc_column_inner][vc_column_text el_id=\u00a0\u00bbtext-presentation\u00a0\u00bb css=\u00a0\u00bb.vc_custom_1762356110568{margin-top: 20px !important;margin-bottom: 20px !important;}\u00a0\u00bb]J\u2019ai suivi des \u00e9tudes [&hellip;]<\/p>\n","protected":false},"author":1,"featured_media":0,"parent":0,"menu_order":0,"comment_status":"closed","ping_status":"closed","template":"full-width.php","meta":{"inline_featured_image":false,"footnotes":""},"class_list":["post-10700","page","type-page","status-publish","hentry"],"yoast_head":"<!-- This site is optimized with the Yoast SEO plugin v23.6 - https:\/\/yoast.com\/wordpress\/plugins\/seo\/ -->\n<title>Architecte \u00e0 Villeneuve-l\u00e8s-Maguelone sp\u00e9cialis\u00e9e en r\u00e9novation de logements et construction de maisons neuves dans une d\u00e9marche \u00e9cologique I 34337<\/title>\n<meta name=\"description\" content=\"Architecte bas\u00e9e \u00e0 Villeneuve-l\u00e8s-Maguelone, j\u2019accompagne et conseille particuliers et professionnels dans une d\u00e9marche \u00e9cologique sur des projets de r\u00e9novation de logements : R\u00e9habilitation, extension, sur\u00e9l\u00e9vation\u2026 J\u2019interviens aussi sur des projets de construction de maisons neuves : conception, permis de construire, dossier de consultation des entreprise et suivi de chantier. Enfin engag\u00e9e dans une d\u00e9marche \u00e9cologique, je suis \u00e9galement certifi\u00e9e Pro-Paille et habilit\u00e9e \u00e0 utiliser\u00a0le mat\u00e9riau paille comme isolant de structures et support d\u2019enduits sur des constructions \u00e0 structures en bois.\" \/>\n<meta name=\"robots\" content=\"index, follow, max-snippet:-1, max-image-preview:large, max-video-preview:-1\" \/>\n<link rel=\"canonical\" href=\"https:\/\/lisabouvetier.fr\/index.php\/lagence\/\" \/>\n<meta property=\"og:locale\" content=\"fr_FR\" \/>\n<meta property=\"og:type\" content=\"article\" \/>\n<meta property=\"og:title\" content=\"Architecte \u00e0 Villeneuve-l\u00e8s-Maguelone sp\u00e9cialis\u00e9e en r\u00e9novation de logements et construction de maisons neuves dans une d\u00e9marche \u00e9cologique I 34337\" \/>\n<meta property=\"og:description\" content=\"Architecte bas\u00e9e \u00e0 Villeneuve-l\u00e8s-Maguelone, j\u2019accompagne et conseille particuliers et professionnels dans une d\u00e9marche \u00e9cologique sur des projets de r\u00e9novation de logements : R\u00e9habilitation, extension, sur\u00e9l\u00e9vation\u2026 J\u2019interviens aussi sur des projets de construction de maisons neuves : conception, permis de construire, dossier de consultation des entreprise et suivi de chantier. Enfin engag\u00e9e dans une d\u00e9marche \u00e9cologique, je suis \u00e9galement certifi\u00e9e Pro-Paille et habilit\u00e9e \u00e0 utiliser\u00a0le mat\u00e9riau paille comme isolant de structures et support d\u2019enduits sur des constructions \u00e0 structures en bois.\" \/>\n<meta property=\"og:url\" content=\"https:\/\/lisabouvetier.fr\/index.php\/lagence\/\" \/>\n<meta property=\"article:modified_time\" content=\"2025-11-05T15:22:00+00:00\" \/>\n<meta name=\"twitter:card\" content=\"summary_large_image\" \/>\n<meta name=\"twitter:label1\" content=\"Dur\u00e9e de lecture estim\u00e9e\" \/>\n\t<meta name=\"twitter:data1\" content=\"6 minutes\" \/>\n<script type=\"application\/ld+json\" class=\"yoast-schema-graph\">{\"@context\":\"https:\/\/schema.org\",\"@graph\":[{\"@type\":\"WebPage\",\"@id\":\"https:\/\/lisabouvetier.fr\/index.php\/lagence\/\",\"url\":\"https:\/\/lisabouvetier.fr\/index.php\/lagence\/\",\"name\":\"Architecte \u00e0 Villeneuve-l\u00e8s-Maguelone sp\u00e9cialis\u00e9e en r\u00e9novation de logements et construction de maisons neuves dans une d\u00e9marche \u00e9cologique I 34337\",\"isPartOf\":{\"@id\":\"https:\/\/lisabouvetier.fr\/#website\"},\"datePublished\":\"2024-07-05T09:53:03+00:00\",\"dateModified\":\"2025-11-05T15:22:00+00:00\",\"description\":\"Architecte bas\u00e9e \u00e0 Villeneuve-l\u00e8s-Maguelone, j\u2019accompagne et conseille particuliers et professionnels dans une d\u00e9marche \u00e9cologique sur des projets de r\u00e9novation de logements : R\u00e9habilitation, extension, sur\u00e9l\u00e9vation\u2026 J\u2019interviens aussi sur des projets de construction de maisons neuves : conception, permis de construire, dossier de consultation des entreprise et suivi de chantier. Enfin engag\u00e9e dans une d\u00e9marche \u00e9cologique, je suis \u00e9galement certifi\u00e9e Pro-Paille et habilit\u00e9e \u00e0 utiliser\u00a0le mat\u00e9riau paille comme isolant de structures et support d\u2019enduits sur des constructions \u00e0 structures en bois.\",\"breadcrumb\":{\"@id\":\"https:\/\/lisabouvetier.fr\/index.php\/lagence\/#breadcrumb\"},\"inLanguage\":\"fr-FR\",\"potentialAction\":[{\"@type\":\"ReadAction\",\"target\":[\"https:\/\/lisabouvetier.fr\/index.php\/lagence\/\"]}]},{\"@type\":\"BreadcrumbList\",\"@id\":\"https:\/\/lisabouvetier.fr\/index.php\/lagence\/#breadcrumb\",\"itemListElement\":[{\"@type\":\"ListItem\",\"position\":1,\"name\":\"Accueil\",\"item\":\"https:\/\/lisabouvetier.fr\/\"},{\"@type\":\"ListItem\",\"position\":2,\"name\":\"Architecte \u00e0 Villeneuve-l\u00e8s-Maguelone sp\u00e9cialis\u00e9e en r\u00e9novation de logements et construction de maisons neuves dans une d\u00e9marche \u00e9cologique I 34337\"}]},{\"@type\":\"WebSite\",\"@id\":\"https:\/\/lisabouvetier.fr\/#website\",\"url\":\"https:\/\/lisabouvetier.fr\/\",\"name\":\"\",\"description\":\"\",\"publisher\":{\"@id\":\"https:\/\/lisabouvetier.fr\/#organization\"},\"potentialAction\":[{\"@type\":\"SearchAction\",\"target\":{\"@type\":\"EntryPoint\",\"urlTemplate\":\"https:\/\/lisabouvetier.fr\/?s={search_term_string}\"},\"query-input\":{\"@type\":\"PropertyValueSpecification\",\"valueRequired\":true,\"valueName\":\"search_term_string\"}}],\"inLanguage\":\"fr-FR\"},{\"@type\":\"Organization\",\"@id\":\"https:\/\/lisabouvetier.fr\/#organization\",\"name\":\"Architecte sp\u00e9cialis\u00e9e en r\u00e9novation de logements et construction de maisons neuves \u00e0 Mireval, S\u00e8te, Frontignan, Villeneuve-l\u00e8s-Maguelone, Vic-la-Gardiole\",\"url\":\"https:\/\/lisabouvetier.fr\/\",\"logo\":{\"@type\":\"ImageObject\",\"inLanguage\":\"fr-FR\",\"@id\":\"https:\/\/lisabouvetier.fr\/#\/schema\/logo\/image\/\",\"url\":\"https:\/\/lisabouvetier.fr\/wp-content\/uploads\/2024\/08\/logo-7.svg\",\"contentUrl\":\"https:\/\/lisabouvetier.fr\/wp-content\/uploads\/2024\/08\/logo-7.svg\",\"width\":176,\"height\":46,\"caption\":\"Architecte sp\u00e9cialis\u00e9e en r\u00e9novation de logements et construction de maisons neuves \u00e0 Mireval, S\u00e8te, Frontignan, Villeneuve-l\u00e8s-Maguelone, Vic-la-Gardiole\"},\"image\":{\"@id\":\"https:\/\/lisabouvetier.fr\/#\/schema\/logo\/image\/\"},\"sameAs\":[\"https:\/\/www.architectes-pour-tous.fr\/architectes-pour-tous\/lisa-bouvetier-architecte-liberal-hmonp\",\"https:\/\/www.instagram.com\/lisabouvetier_architecte\/\",\"https:\/\/www.linkedin.com\/in\/lisa-bouvetier-65059289\/\"]}]}<\/script>\n<!-- \/ Yoast SEO plugin. -->","yoast_head_json":{"title":"Architecte \u00e0 Villeneuve-l\u00e8s-Maguelone sp\u00e9cialis\u00e9e en r\u00e9novation de logements et construction de maisons neuves dans une d\u00e9marche \u00e9cologique I 34337","description":"Architecte bas\u00e9e \u00e0 Villeneuve-l\u00e8s-Maguelone, j\u2019accompagne et conseille particuliers et professionnels dans une d\u00e9marche \u00e9cologique sur des projets de r\u00e9novation de logements : R\u00e9habilitation, extension, sur\u00e9l\u00e9vation\u2026 J\u2019interviens aussi sur des projets de construction de maisons neuves : conception, permis de construire, dossier de consultation des entreprise et suivi de chantier. Enfin engag\u00e9e dans une d\u00e9marche \u00e9cologique, je suis \u00e9galement certifi\u00e9e Pro-Paille et habilit\u00e9e \u00e0 utiliser\u00a0le mat\u00e9riau paille comme isolant de structures et support d\u2019enduits sur des constructions \u00e0 structures en bois.","robots":{"index":"index","follow":"follow","max-snippet":"max-snippet:-1","max-image-preview":"max-image-preview:large","max-video-preview":"max-video-preview:-1"},"canonical":"https:\/\/lisabouvetier.fr\/index.php\/lagence\/","og_locale":"fr_FR","og_type":"article","og_title":"Architecte \u00e0 Villeneuve-l\u00e8s-Maguelone sp\u00e9cialis\u00e9e en r\u00e9novation de logements et construction de maisons neuves dans une d\u00e9marche \u00e9cologique I 34337","og_description":"Architecte bas\u00e9e \u00e0 Villeneuve-l\u00e8s-Maguelone, j\u2019accompagne et conseille particuliers et professionnels dans une d\u00e9marche \u00e9cologique sur des projets de r\u00e9novation de logements : R\u00e9habilitation, extension, sur\u00e9l\u00e9vation\u2026 J\u2019interviens aussi sur des projets de construction de maisons neuves : conception, permis de construire, dossier de consultation des entreprise et suivi de chantier. Enfin engag\u00e9e dans une d\u00e9marche \u00e9cologique, je suis \u00e9galement certifi\u00e9e Pro-Paille et habilit\u00e9e \u00e0 utiliser\u00a0le mat\u00e9riau paille comme isolant de structures et support d\u2019enduits sur des constructions \u00e0 structures en bois.","og_url":"https:\/\/lisabouvetier.fr\/index.php\/lagence\/","article_modified_time":"2025-11-05T15:22:00+00:00","twitter_card":"summary_large_image","twitter_misc":{"Dur\u00e9e de lecture estim\u00e9e":"6 minutes"},"schema":{"@context":"https:\/\/schema.org","@graph":[{"@type":"WebPage","@id":"https:\/\/lisabouvetier.fr\/index.php\/lagence\/","url":"https:\/\/lisabouvetier.fr\/index.php\/lagence\/","name":"Architecte \u00e0 Villeneuve-l\u00e8s-Maguelone sp\u00e9cialis\u00e9e en r\u00e9novation de logements et construction de maisons neuves dans une d\u00e9marche \u00e9cologique I 34337","isPartOf":{"@id":"https:\/\/lisabouvetier.fr\/#website"},"datePublished":"2024-07-05T09:53:03+00:00","dateModified":"2025-11-05T15:22:00+00:00","description":"Architecte bas\u00e9e \u00e0 Villeneuve-l\u00e8s-Maguelone, j\u2019accompagne et conseille particuliers et professionnels dans une d\u00e9marche \u00e9cologique sur des projets de r\u00e9novation de logements : R\u00e9habilitation, extension, sur\u00e9l\u00e9vation\u2026 J\u2019interviens aussi sur des projets de construction de maisons neuves : conception, permis de construire, dossier de consultation des entreprise et suivi de chantier. Enfin engag\u00e9e dans une d\u00e9marche \u00e9cologique, je suis \u00e9galement certifi\u00e9e Pro-Paille et habilit\u00e9e \u00e0 utiliser\u00a0le mat\u00e9riau paille comme isolant de structures et support d\u2019enduits sur des constructions \u00e0 structures en bois.","breadcrumb":{"@id":"https:\/\/lisabouvetier.fr\/index.php\/lagence\/#breadcrumb"},"inLanguage":"fr-FR","potentialAction":[{"@type":"ReadAction","target":["https:\/\/lisabouvetier.fr\/index.php\/lagence\/"]}]},{"@type":"BreadcrumbList","@id":"https:\/\/lisabouvetier.fr\/index.php\/lagence\/#breadcrumb","itemListElement":[{"@type":"ListItem","position":1,"name":"Accueil","item":"https:\/\/lisabouvetier.fr\/"},{"@type":"ListItem","position":2,"name":"Architecte \u00e0 Villeneuve-l\u00e8s-Maguelone sp\u00e9cialis\u00e9e en r\u00e9novation de logements et construction de maisons neuves dans une d\u00e9marche \u00e9cologique I 34337"}]},{"@type":"WebSite","@id":"https:\/\/lisabouvetier.fr\/#website","url":"https:\/\/lisabouvetier.fr\/","name":"","description":"","publisher":{"@id":"https:\/\/lisabouvetier.fr\/#organization"},"potentialAction":[{"@type":"SearchAction","target":{"@type":"EntryPoint","urlTemplate":"https:\/\/lisabouvetier.fr\/?s={search_term_string}"},"query-input":{"@type":"PropertyValueSpecification","valueRequired":true,"valueName":"search_term_string"}}],"inLanguage":"fr-FR"},{"@type":"Organization","@id":"https:\/\/lisabouvetier.fr\/#organization","name":"Architecte sp\u00e9cialis\u00e9e en r\u00e9novation de logements et construction de maisons neuves \u00e0 Mireval, S\u00e8te, Frontignan, Villeneuve-l\u00e8s-Maguelone, Vic-la-Gardiole","url":"https:\/\/lisabouvetier.fr\/","logo":{"@type":"ImageObject","inLanguage":"fr-FR","@id":"https:\/\/lisabouvetier.fr\/#\/schema\/logo\/image\/","url":"https:\/\/lisabouvetier.fr\/wp-content\/uploads\/2024\/08\/logo-7.svg","contentUrl":"https:\/\/lisabouvetier.fr\/wp-content\/uploads\/2024\/08\/logo-7.svg","width":176,"height":46,"caption":"Architecte sp\u00e9cialis\u00e9e en r\u00e9novation de logements et construction de maisons neuves \u00e0 Mireval, S\u00e8te, Frontignan, Villeneuve-l\u00e8s-Maguelone, Vic-la-Gardiole"},"image":{"@id":"https:\/\/lisabouvetier.fr\/#\/schema\/logo\/image\/"},"sameAs":["https:\/\/www.architectes-pour-tous.fr\/architectes-pour-tous\/lisa-bouvetier-architecte-liberal-hmonp","https:\/\/www.instagram.com\/lisabouvetier_architecte\/","https:\/\/www.linkedin.com\/in\/lisa-bouvetier-65059289\/"]}]}},"_links":{"self":[{"href":"https:\/\/lisabouvetier.fr\/index.php\/wp-json\/wp\/v2\/pages\/10700","targetHints":{"allow":["GET"]}}],"collection":[{"href":"https:\/\/lisabouvetier.fr\/index.php\/wp-json\/wp\/v2\/pages"}],"about":[{"href":"https:\/\/lisabouvetier.fr\/index.php\/wp-json\/wp\/v2\/types\/page"}],"author":[{"embeddable":true,"href":"https:\/\/lisabouvetier.fr\/index.php\/wp-json\/wp\/v2\/users\/1"}],"replies":[{"embeddable":true,"href":"https:\/\/lisabouvetier.fr\/index.php\/wp-json\/wp\/v2\/comments?post=10700"}],"version-history":[{"count":70,"href":"https:\/\/lisabouvetier.fr\/index.php\/wp-json\/wp\/v2\/pages\/10700\/revisions"}],"predecessor-version":[{"id":12431,"href":"https:\/\/lisabouvetier.fr\/index.php\/wp-json\/wp\/v2\/pages\/10700\/revisions\/12431"}],"wp:attachment":[{"href":"https:\/\/lisabouvetier.fr\/index.php\/wp-json\/wp\/v2\/media?parent=10700"}],"curies":[{"name":"wp","href":"https:\/\/api.w.org\/{rel}","templated":true}]}}